6941576.
2, 3, 89, 101, 397
What are the prime factors of 2882277644?
2, 720569411
What are the prime factors of 495603090?
2, 3, 5, 359, 5113
List the prime factors of 373357646.
2, 8821, 21163
List the prime factors of 4240924593.
3, 1413641531
What are the prime factors of 68468999?
23, 347, 373
List the prime factors of 710074773.
3, 29, 2720593
What are the prime factors of 2525576?
2, 315697
List the prime factors of 1604739060.
2, 3, 5, 379, 7841
What are the prime factors of 26314213?
1031, 25523
List the prime factors of 27272275.
5, 1090891
List the prime factors of 537993828.
2, 3, 23, 649751
What are the prime factors of 248320073?
251, 989323
List the prime factors of 480178520.
2, 5, 29, 181, 2287
What are the prime factors of 26540077?
17, 467, 3343
List the prime factors of 230165981.
19, 1423, 8513
What are the prime factors of 12161035?
5, 17, 173, 827
List the prime factors of 274913436.
2, 3, 7, 3272779
What are the prime factors of 206422606?
2, 13, 1109, 7159
List the prime factors of 219923768.
2, 27490471
List the prime factors of 1575553597.
1575553597
List the prime factors of 4399194887.
19, 231536573
List the prime factors of 2694522727.
13, 457, 647, 701
List the prime factors of 38089629.
3, 1410727
List the prime factors of 4260681509.
7, 31, 19634477
What are the prime factors of 3251676601?
3251676601
What are the prime factors of 234205639?
234205639
What are the prime factors of 324800891?
324800891
List the prime factors of 20633526.
2, 3, 1146307
List the prime factors of 283229044.
2, 7, 17, 193, 3083
What are the prime factors of 52442109?
3, 19, 16141
List the prime factors of 5089388439.
3, 59, 83, 346429
List the prime factors of 42597218.
2, 1471, 14479
List the prime factors of 526400256.
2, 3, 685417
List the prime factors of 28798245.
3, 5, 7, 91423
List the prime factors of 178723479.
3, 11, 2267, 2389
What are the prime factors of 59020565?
5, 11804113
What are the prime factors of 13311109?
7, 53, 35879
What are the prime factors of 3243792584?
2, 163, 2487571
What are the prime factors of 149098433?
11, 13554403
List the prime factors of 24430532.
2, 7, 71, 12289
List the prime factors of 304780514.
2, 151, 1009207
List the prime factors of 27477697.
13, 2113669
List the prime factors of 88856521.
13, 19, 23, 15641
What are the prime factors of 9175243?
7, 11, 119159
What are the prime factors of 111623333?
587, 190159
What are the prime factors of 94840152?
2, 3, 11, 359243
What are the prime factors of 1694395?
5, 349, 971
List the prime factors of 32058539.
37, 181, 4787
List the prime factors of 2262575964.
2, 3, 11, 23, 745249
What are the prime factors of 89266984?
2, 11158373
List the prime factors of 348364428.
2, 3, 29030369
What are the prime factors of 5882525?
5, 11, 21391
List the prime factors of 418120204.
2, 101, 1034951
List the prime factors of 676253493.
3, 75139277
List the prime factors of 5892748325.
5, 235709933
List the prime factors of 118636765.
5, 13, 61, 29921
What are the prime factors of 187876844?
2, 67, 701033
List the prime factors of 96106356.
2, 3, 271, 9851
List the prime factors of 579785047.
579785047
List the prime factors of 41233146.
2, 3, 223, 30817
List the prime factors of 3861123430.
2, 5, 59, 6544277
What are the prime factors of 43648656?
2, 3, 17, 149, 359
What are the prime factors of 1213227495?
3, 5, 26960611
List the prime factors of 1747656073.
67, 26084419
List the prime factors of 1368695806.
2, 17, 59, 457, 1493
What are the prime factors of 4169797478?
2, 7, 11, 27076607
List the prime factors of 6848172855.
3, 5, 241, 631459
What are the prime factors of 191067391?
12007, 15913
List the prime factors of 3949255086.
2, 3, 7, 4133, 22751
List the prime factors of 51726538.
2, 31, 834299
What are the prime factors of 198134086?
2, 99067043
List the prime factors of 168045209.
168045209
List the prime factors of 110662265.
5, 7, 17, 185987
What are the prime factors of 15605046?
2, 3, 37, 23431
What are the prime factors of 1637001278?
2, 11, 19, 3916271
What are the prime factors of 71056972?
2, 7, 2537749
List the prime factors of 43420075.
5, 727, 2389
What are the prime factors of 689616751?
23, 29983337
List the prime factors of 632514707.
11, 57501337
List the prime factors of 182360357.
8443, 21599
List the prime factors of 21973286.
2, 127, 86509
List the prime factors of 707916425.
5, 23, 103, 11953
List the prime factors of 2330470236.
2, 3, 194205853
List the prime factors of 48308686.
2, 24154343
List the prime factors of 71405281.
59, 1210259
List the prime factors of 1939176683.
709, 2735087
What are the prime factors of 61854276?
2, 3, 11, 468593
List the prime factors of 2261831379.
3, 41, 18388873
List the prime factors of 2422242485.
5, 13, 41, 908909
List the prime factors of 84006999.
3, 19, 223, 2203
List the prime factors of 728096618.
2, 3001, 121309
What are the prime factors of 146526147?
3, 16280683
What are the prime factors of 164008374?
2, 3, 27334729
List the prime factors of 128453599.
43, 233, 12821
List the prime factors of 397499536.
2, 7, 283, 12541
List the prime factors of 1043261319.
3, 347753773
List the prime factors of 1867110638.
2, 21701, 43019
What are the prime factors of 60510312?
2, 3, 53, 101, 157
List the prime factors of 18864153.
3, 7, 11, 163, 167
What are the prime factors of 1808126270?
2, 5, 53, 3411559
List the prime factors of 1223946093.
3, 17, 23998943
List the prime factors of 436266225.
3, 5, 137, 14153
What are the prime factors of 1117951402?
2, 83, 6734647
What are the prime factors of 43139884?
2, 71, 151901
What are the prime factors of 228894487?
228894487
What are the prime factors of 86805583?
113, 768191
List the prime factors of 2487299770.
2, 5, 11953, 20809
List the prime factors of 2298348833.
11, 47, 449, 9901
List the prime factors of 583278929.
19, 30698891
What are the prime factors of 70685622?
2, 3, 7, 83, 751
List the prime factors of 4389629804.
2, 7, 156772493
List the prime factors of 325886331.
3, 108628777
List the prime factors of 108535607.
6277, 17291
What are the prime factors of 7704860297?
19, 405518963
What are the prime factors of 83288050?
2, 5, 1665761
What are the prime factors of 186843099?
3, 23, 569, 4759
What are the prime factors of 4294077635?
5, 858815527
List the prime factors of 67582489.
13, 5198653
List the prime factors of 34173715.
5, 227, 30109
List the prime factors of 285594131.
61, 4681871
What are the prime factors of 2567221568?
2, 40112837
List the prime factors of 786168387.
3, 87352043
List the prime factors of 8160782.
2, 7, 17, 2017
What are the prime factors of 26947872?
2, 3, 7, 13367
List the prime factors of 2556091557.
3, 284010173
List the prime factors of 61896700.
2, 5, 61, 73, 139
What are the prime factors of 32769165?
3, 5, 11, 13, 15277
List the prime factors of 1944275837.
7, 47, 109, 54217
List the prime factors of 1889971480.
2, 5, 1063, 44449
What are the prime factors of 1392827?
17, 81931
What are the prime factors of 30361718?
2, 47, 322997
List the prime factors of 534049528.
2, 193, 345887
List the prime factors of 534103181.
534103181
List the prime factors of 170757843.
3, 17, 449, 7457
List the prime factors of 134891067.
3, 23, 1954943
List the prime factors of 290568332.
2, 31, 2343293
What are the prime factors of 371412361?
19, 797, 24527
What are the prime factors of 3550113183?
3, 1183371061
What are the prime factors of 1536691117?
13, 118207009
List the prime factors of 110802235.
5, 37, 598931
List the prime factors of 936369218.
2, 5501, 85109
List the prime factors of 241954489.
7, 17, 41, 101, 491
List the prime factors of 72184722.
2, 3, 12030787
What are the prime factors of 33338412?
2, 3, 41, 7529
What are the prime factors of 639337570?
2, 5, 59, 541, 2003
List the prime factors of 3037377552.
2, 3, 11, 5752609
What are the prime factors of 51025747?
89, 359, 1597
List the prime factors of 149045911.
7, 23, 53, 17467
List the prime factors of 9818778.
2, 3, 1636463
What are the prime factors of 1276502697?
3, 141833633
What are the prime factors of 21739395?
3, 5, 1449293
What are the prime factors of 187146923?
4943, 37861
List the prime factors of 156219051.
3, 73, 713329
Lis